?
2000020
Convert 65167 (base 9) to base 11.
2a470
-47b8 (base 12) to base 6
-101152
What is 1012 (base 5) in base 12?
b0
What is 7e7 (base 15) in base 13?
a7b
Convert 18593 (base 14) to base 6.
1152341
Convert d671 (base 15) to base 7.
246106
1252 (base 12) to base 4
200132
What is -689 (base 13) in base 2?
-10001100111
What is 412213 (base 5) in base 14?
4c77
Convert -21143 (base 7) to base 12.
-3035
Convert -41123 (base 5) to base 10.
-2663
Convert 3065 (base 7) to base 9.
1425
What is -2133210 (base 4) in base 14?
-3a16
What is -1560 (base 9) in base 14?
-60c
What is -32736 (base 9) in base 12?
-106b9
Convert 4849 (base 12) to base 5.
224441
-25460 (base 8) to base 5
-323211
What is 11300222 (base 4) in base 16?
5c2a
-44b8 (base 12) to base 14
-2acc
What is 3201140 (base 5) in base 16?
d02f
Convert 20013233 (base 4) to base 7.
165656
What is -2172 (base 11) in base 12?
-17a6
What is -2002111 (base 3) in base 12?
-a71
What is -3a34 (base 12) in base 15?
-1e94
Convert -12033 (base 4) to base 11.
-333
12510 (base 10) to base 5
400020
Convert -2dd (base 15) to base 16.
-292
What is 1100001001101011 (base 2) in base 12?
24977
Convert -1620 (base 7) to base 5.
-10101
What is 2128 (base 9) in base 13?
935
What is 1c41 (base 14) in base 10?
5153
Convert -1687 (base 11) to base 12.
-12b4
Convert 41c (base 14) to base 6.
3430
Convert -11515 (base 8) to base 5.
-124231
20255 (base 6) to base 2
101010001011
-14472 (base 8) to base 6
-45522
3555 (base 6) to base 10
863
Convert -68c (base 13) to base 9.
-1485
-190 (base 13) to base 15
-141
Convert 113223 (base 6) to base 14.
3807
-29a15 (base 12) to base 5
-3332411
What is 24355 (base 6) in base 16?
e0f
What is -7c (base 16) in base 15?
-84
Convert -20101122 (base 3) to base 8.
-11065
Convert -10120110 (base 3) to base 11.
-1a58
What is -82a (base 12) in base 16?
-4a2
5244 (base 12) to base 5
241410
Convert -43256 (base 7) to base 2.
-10101000010100
-18a1 (base 11) to base 15
-aaa
Convert -4 (base 14) to base 4.
-10
What is -2120110 (base 3) in base 9?
-2513
283 (base 16) to base 11
535
Convert -200313 (base 4) to base 2.
-100000110111
Convert cc43 (base 13) to base 6.
335411
10184 (base 10) to base 13
4835
What is -17935 (base 10) in base 15?
-54aa
What is 403 (base 13) in base 2?
1010100111
-4367 (base 13) to base 9
-13772
What is 1001111110100111 (base 2) in base 3?
2002001202
Convert -2422 (base 5) to base 8.
-552
Convert -1266 (base 7) to base 11.
-405
What is 2815 (base 12) in base 11?
3525
Convert 165501 (base 7) to base 9.
50450
What is 1045 (base 9) in base 7?
2150
What is 12083 (base 10) in base 12?
6bab
What is -192 (base 10) in base 2?
-11000000
-1000000101 (base 2) to base 3
-201011
Convert -11101100110101 (base 2) to base 9.
-22711
Convert 66b (base 12) to base 7.
2522
-16 (base 13) to base 3
-201
3434 (base 5) to base 4
13232
What is 1859 (base 11) in base 15?
a78
What is -31bc (base 15) in base 11?
-7a00
Convert -27a (base 15) to base 14.
-2c5
What is -121201 (base 3) in base 10?
-451
134101 (base 5) to base 14
202a
Convert 751 (base 8) to base 13.
2b8
Convert 30303 (base 5) to base 15.
8a3
Convert 1413 (base 5) to base 14.
129
What is -7275 (base 8) in base 12?
-2225
What is 31234 (base 6) in base 4?
1001212
What is 110000000 (base 2) in base 10?
384
-1226 (base 9) to base 3
-1020220
Convert 60615 (base 7) to base 4.
3211320
Convert -10020122120 (base 3) to base 14.
-19401
Convert -146 (base 8) to base 2.
-1100110
-22c8 (base 14) to base 10
-6056
What is -2aab (base 13) in base 11?
-474a
353523 (base 6) to base 7
155235
ab1 (base 16) to base 4
222301
Convert -1604 (base 16) to base 9.
-7652
-5970 (base 11) to base 4
-1322031
-491 (base 10) to base 14
-271
437 (base 16) to base 5
13304
-13002 (base 5) to base 7
-2631
Convert 100221212 (base 3) to base 5.
213014
418 (base 12) to base 7
1511
842d (base 15) to base 11
19aa3
-1333 (base 7) to base 10
-514
Convert -1247 (base 8) to base 7.
-1660
-16513 (base 11) to base 4
-11223032
Convert -4022 (base 7) to base 11.
-1052
-13164 (base 7) to base 11
-2715
72747 (base 8) to base 10
30183
-39d (base 14) to base 16
-2d7
What is 9352 (base 15) in base 13?
11225
What is 2ee (base 16) in base 10?
750
Convert 1505 (base 16) to base 14.
1d65
What is 2323020 (base 5) in base 3?
2010222012
What is -330 (base 11) in base 6?
-1500
309 (base 14) to base 8
1125
What is -1b68 (base 14) in base 7?
-20361
Convert 1140441 (base 5) to base 6.
242535
What is 271 (base 15) in base 8?
1054
Convert 1621 (base 7) to base 14.
348
1ac (base 16) to base 14
228
What is -107 (base 10) in base 11?
-98
6b12 (base 12) to base 16
2ebe
-9df (base 16) to base 14
-cc7
-2b9 (base 14) to base 12
-3a3
-1849 (base 10) to base 7
-5251
Convert 302432 (base 5) to base 12.
577a
Convert -d0c (base 15) to base 14.
-10db
-2f4 (base 16) to base 8
-1364
4179 (base 11) to base 15
198b
What is -22031 (base 6) in base 13?
-1501
What is -47447 (base 8) in base 13?
-92b9
Convert -3a36 (base 12) to base 7.
-25302
Convert 1323443 (base 5) to base 4.
12201330
What is 31012 (base 5) in base 3?
2202100
Convert 22101 (base 5) to base 14.
7b0
What is -709 (base 10) in base 11?
-595
-5510 (base 6) to base 11
-a51
Convert -5062 (base 7) to base 11.
-135a
-2525 (base 6) to base 11
-522
Convert -12212021 (base 3) to base 12.
-2581
Convert 1200 (base 4) to base 6.
240
Convert -101101000010110 (base 2) to base 7.
-124144
What is -88a7 (base 11) in base 13?
-5457
What is 535 (base 16) in base 8?
2465
What is 2ce (base 15) in base 8?
1204
Convert -26148 (base 11) to base 3.
-1220100201
14b14 (base 12) to base 6
343224
Convert 1202100021 (base 3) to base 8.
103321
-4363 (base 12) to base 3
-101011210
What is 302 (base 5) in base 9?
85
What is -14339 (base 10) in base 8?
-34003
What is 13ce (base 15) in base 5?
113434
What is 101000110100 (base 2) in base 6?
20032
What is -76 (base 13) in base 4?
-1201
Convert 47961 (base 11) to base 14.
1b233
330 (base 11) to base 6
1500
-120112201 (base 3) to base 12
-6684
What is -58 (base 10) in base 2?
-111010
Convert 1000 (base 13) to base 7.
6256
What is 2cb (base 13) in base 6?
2201
What is 60 (base 14) in base 12?
70
484 (base 11) to base 9
710
1945 (base 10) to base 2
11110011001
Convert -623 (base 7) to base 3.
-102112
What is 472 (base 8) in base 6?
1242
What is 30112 (base 4) in base 10?
790
-56c (base 15) to base 10
-1227
Convert -1301320 (base 4) to base 10.
-7288
Convert -2323012 (base 4) to base 2.
-10111011000110
Convert 408 (base 10) to base 7.
1122
What is 352 (base 6) in base 8?
214
What is -22033 (base 6) in base 10?
-3045
What is -22323 (base 5) in base 10?
-1588
4644 (base 12) to base 13
3742
Convert 221100 (base 3) to base 13.
408
Convert b5a (base 15) to base 7.
10315
d1e (base 15) to base 12
1862
-470 (base 11) to base 15
-276
Convert -1011 (base 7) to base 16.
-15f
Convert 746 (base 8) to base 10.
486
What is -260 (base 11) in base 9?
-372
What is 8755 (base 9) in base 3?
22211212
Convert 631 (base 11) to base 4.
23320
Convert -10402 (base 8) to base 6.
-32054
What is 209a (base 12) in base 2?
110111110110
47a (base 11) to base 3
210011
What is 1223132 (base 4) in base 15?
2088
-1689 (base 10) to base 15
-779
What is 22120 (base 8) in base 15?
2b4b
-2010111200 (base 3) to base 16
-a3c2
310 (base 10) to base 16
136
What is 32456 (base 7) in base 10?
8126
What is -100011201 (base 3) in base 5?
-203223
Convert 4056 (base 14) to base 13.
5052
What is 1096 (base 11) in base 6?
10352
-110000100010 (base 2) to base 15
-dc1
101221 (base 3) to base 8
447
What is -404 (base 12) in base 15?
-28a
What is 12202 (base 4) in base 16?
1a2
Convert 10124 (base 6) to base 8.
2504
Convert 1cc (base 16) to base 5.
3320
Convert 102102 (base 3) to base 10.
308
-4559 (base 10) to base 5
-121214
What is -402001 (base 6) in base 2?
-111101100110001
-5525 (base 6) to base 13
-773
Convert 3068 (base 9) to base 2.
100011001001
11011 (base 3) to base 12
94
What is -4316 (base 7) in base 14?
-7b6
150020 (base 6) to base 10
14268
What is 6b1 (base 16) in base 9?
2313
-11010020 (base 3) to base 5
-44003
-110110011101000 (base 2) to base 10
-27880
-443 (base 6) to base 2
-10101011
What is 936d (base 14) in base 6?
313301
What is 200110 (base 3) in base 15?
233
What is 3020332 (bas